 4*g = -2*v - 214, 4*v - 4*g - 164 = 0. Let f = o + v. Is f a prime number?
True
Suppose -13*g - 1 + 14 = 0. Let y be -467*1*g - 21/(-7). Let a = 1383 + y. Is a prime?
True
Let h be (-2 - 1) + (-30)/(-5). Let j be (-1)/(h - 1478/493). Let v = j - -1160. Is v a prime number?
False
Let n = 6536 - -1775. Is n prime?
True
Suppose -5*b = -3*l + 3901361, l + 2*b = -0*l + 1300439. Suppose 36*u = 7*u + l. Is u prime?
True
Let p(n) = 3*n**3 - 17*n**2 + 7*n - 20. Let m be p(-7). Let d = m + 4264. Is d a composite number?
False
Is ((-56967)/2)/((-84)/56) a composite number?
True
Let s be 70/22 - (0 + 6/33). Suppose s*i - 30 = -39. Is 2/(-8) - ((-5391)/(-4))/i prime?
True
Let g(j) = -12*j + 1. Let n be g(-3). Let s = 41 - n. Suppose s*l + 2078 - 9075 = -5*i, l = 3*i - 4188. Is i composite?
True
Let w(d) = 37*d - 216. Let g be w(7). Suppose -g*z + 26351 = -3792. Is z prime?
True
Suppose 104535 = 4*z - 5*d - 212908, 4*d = -5*z + 396855. Is z prime?
True
Let t(p) be the second derivative of 7*p**6/360 + p**5/24 - p**4/24 - 17*p**3/6 - 18*p. Let w(n) be the second derivative of t(n). Is w(11) prime?
False
Suppose -16*o + 11*o + 91984 = i, -2*o - 2*i + 36792 = 0. Is o a composite number?
False
Let h(v) = -114*v**2 - 3*v - 1. Let b be h(-3). Suppose 22*j + 5*k + 5827 = 26*j, 0 = -5*j + 5*k + 7290. Let l = b + j. Is l a composite number?
True
Let i = -30271 + 62118. Is i a prime number?
True
Suppose -93502 = -22*m + 1211824. Is m a composite number?
False
Let p(w) = 7*w**3 + 73*w**2 + 12*w - 38. Let y be p(-31). Is y/(-18) + (-62)/(-279) prime?
False
Suppose -75433 = -2*t - q, -2*t + 13*q - 9*q = -75438. Is t composite?
False
Let s(u) = -9*u. Let t be s(3). Let f = t + 27. Suppose f*m = 4*z - 3*m - 248, 2*m + 126 = 2*z. Is z a prime number?
True
Suppose 14 + 6 = -5*m, -5*q + 10773 = -2*m. Is q composite?
False
Let u(c) = 417*c + 6067. Is u(0) composite?
False
Let h(p) = -2*p**2 + 13*p - 12. Let a be h(5). Let g be ((-14)/a)/(-2) + (-6)/18. Is g/(-10)*-2 - 7456/(-10) prime?
False
Let t be (5/4)/(7/56*2). Suppose -3*f - 49 = t*z - z, 5*f + 67 = -3*z. Is 1/((-22)/(-21850)) + 2/f composite?
True
Let s be (-1 - 0) + 131138/(-133). Let r(q) = 69*q**3 + 2*q**2 + q - 2. Let k be r(-2). Let j = k - s. Is j composite?
False
Let t(a) = 2443*a - 46. Let k(r) = -r**2 + 3*r + 31. Let i be k(-4). Is t(i) prime?
True
Is (-12)/(-18) - (7*1 + (-11742714)/27) composite?
False
Is 8960252/(-8)*((-4 - 5) + 7) a prime number?
False
Suppose -9*q - 6*q = -3*q. Suppose q = 525*w - 516*w - 8793. Is w a prime number?
True
Let j(o) = -2905*o - 6113. Is j(-144) prime?
False
Let x = 78 + -79. Is 16962 - (x/(-2) - (-12)/24) a composite number?
True
Let t(g) = 56*g**2 - 21*g - 115. Let x be t(-7). Suppose 3*p - 16417 = -x. Is p a composite number?
False
Let f(i) = 216*i - 89. Let p(w) = 431*w - 180. Let u(l) = 11*f(l) - 6*p(l). Is u(-6) prime?
True
Let y(j) = -j**3 + 11*j**2 - 9*j - 10. Let m be y(10). Let l be 6/(-10) + m - (-144)/40. Suppose 5*u - 54 = -l*f, 2*f - 5*u - 38 = f. Is f prime?
True
Suppose -7*z + 57 = -62. Is 0 + 2210 + z/(170/(-40)) a prime number?
False
Suppose 42*t - 40*t = 8. Suppose -t*u = -2*u - 17326. Is u a prime number?
True
Let s(v) = -v**3 + 11*v**2 + 7*v - 27. Let b be s(11). Suppose 44*o - b*o + 27210 = 0. Is o composite?
True
Let j(h) = -11*h + 43. Let w be j(4). Is w/(2 + 9717/(-4857)) composite?
False
Suppose 2*s - 13803 = 26503. Is s a composite number?
True
Suppose -6*p - 38 + 296 = 0. Let q = 27 - p. Is 6/(-8) + (-3388)/q a composite number?
False
Suppose -126*t = -3983061 - 823713. Is t composite?
False
Suppose -8*r + 23 + 177 = 0. Suppose -19*g - 10542 = -r*g. Is g a composite number?
True
Let h(n) = 5498*n + 4844. Is h(33) prime?
False
Let x(u) = -u**3 + 8*u**2 + 4. Let k be x(8). Suppose -5*i = -4*j - 3431, -i - k*j - j = -663. Is i composite?
False
Suppose 0 = -5*s + 4*c + 19, 5*s = -4*c + 1 + 10. Suppose 0*t = -5*t + s*z + 70, z = -3*t + 28. Is -1 + 2840/t + 4/(-22) a composite number?
False
Let r be 6 - (4 + (2 - 1) - -1). Let c = 8 - -12. Suppose -15*b + c*b - 30 = r. Is b a composite number?
True
Suppose -2*j + 17 = 13. Let o be -7*4/(-8)*j. Suppose 6*w - o*w = -877. Is w composite?
False
Suppose -5*u - 165493 = 2*p - 811011, -5*u + 4*p + 645554 = 0. Is u a composite number?
True
Let t(g) = -95484*g**3 - g**2 + 46*g + 93. Is t(-2) composite?
True
Let x(p) = 2*p**2 - 5*p + 3. Let m be x(0). Suppose -m*h - 6465 = -6*h. Is h composite?
True
Let k(w) = -w**2 + w - 1. Let x(i) = 4*i**2 - 14*i - 19. Let t(r) = -k(r) - x(r). Let o be t(14). Let s = -13 - o. Is s composite?
False
Let u = -89 + -282. Let j = -64 - u. Is j a composite number?
False
Let w(j) = -2*j + 20. Let u be w(11). Let t = 2 - u. Suppose f - 525 - 874 = t*m, 5*m - 4265 = -3*f. Is f prime?
False
Is 8*((-17991930)/(-240) + -2 + 11) a prime number?
True
Suppose 8 = y - 4*u, -4*y + 83 = 4*u - 9. Let c be ((-150)/y)/(2/412). Let z = c + 2192. Is z prime?
True
Let v(m) = m + 9. Suppose y + 2*s - 2 - 3 = 0, y = -3*s + 10. Let n be v(y). Suppose 4*f - 3*d - 1313 = 0, 4*d + 316 = n*f - 1000. Is f a composite number?
True
Let q(l) = 404*l + 25. Let y(i) = 1615*i + 96. Let s(f) = -9*q(f) + 2*y(f). Is s(-13) a composite number?
True
Suppose j = i - 4804, j + 9611 = 2*i - 2*j. Let w = i - -1206. Is w a prime number?
True
Suppose 5*w = 5*d - 68591 + 12086, -w + 56499 = 5*d. Suppose -5*s + d + 17475 = 0. Is s a composite number?
True
Suppose 0 = -4*y - t + 886250, 391*y + 3*t = 390*y + 221557. Is y composite?
True
Let k be -6 + (-5 + -11436 - 7). Is (-6 + k/(-12))*2 a prime number?
False
Let t(s) = -1315*s - 3692. Is t(-97) a prime number?
True
Is (5666/(-4))/(12/120 + 12/(-20)) a composite number?
False
Let b be (162/4 + 0)*-2. Suppose 78523 = 176*f + 20091. Let l = f - b. Is l composite?
True
Let x(h) = -h**3 - 5*h**2 + 11*h - 2. Let c be x(-7). Suppose -4*y + c = 3. Suppose b - o + y*o = 52, 0 = 3*b - 2*o - 211. Is b composite?
False
Let d = -33 - -9. Let t(v) = -v**3 - 53*v**2 - 23*v - 24. Let j be t(d). Is (j/(-5))/4 + (-1)/(-5) a composite number?
False
Let y(l) be the third derivative of l**8/840 + l**7/280 - l**6/144 - l**5/15 - 12*l**2. Let d(r) be the third derivative of y(r). Is d(6) a composite number?
False
Let x be (-46)/69 - 1628/6. Let f = x - -393. Is f prime?
False
Suppose 0 = -2*p - 9*t + 13*t + 13532, 3*p - 20314 = -2*t. Suppose -5*o = 3*x - p, -5*o + 3*x + 7151 = 411. Is o a composite number?
True
Let h = 32880 + 66567. Is h a composite number?
True
Is -5*(65498/(-20))/(17/34) a composite number?
False
Let g = 114338 - -455941. Is g a composite number?
True
Let n(w) = w**2 + 5*w - 20. Let c = -34 + 23. Let q be n(c). Is (q/(-4))/(3/(-138)) composite?
True
Let c(h) = -h**2 + 4*h - 2. Let b be c(6). Is (7136/(-16))/(4/b) prime?
False
Let z = 268 - 268. Is -1 + 1 + (z - -2040 - -5) a composite number?
True
Suppose -83*u + 79*u + 24 = 0. Let o = 337 + u. Is o - -8*(-1)/2 prime?
False
Let f(j) = -4*j**3 + 9*j**2 + 40*j - 135. Let h be f(13). Let m(l) = 4403*l. Let b be m(-1). Let s = b - h. Is s a prime number?
False
Is ((-248552)/(-16))/(3/60) + -5 + 8 a prime number?
True
Let v(k) = 47*k**2 - 11*k + 25. Is v(4) prime?
True
Suppose -1053046 = -6*a - 9*a + 316199. Is a a prime number?
True
Let i = -2493 - 14887. Let d = -6953 - i. Is d prime?
True
Let o(n) = -611621*n - 328. Is o(-1) a prime number?
True
Let p(j) = 2*j**3 - 5*j - 15. Let d be p(0). Is -3*(-10)/d - -792 - -1 a prime number?
False
Let x = 581 + -842. Let l = 1426 + x. Is l a prime number?
False
Suppose 0 = -s - 4*t + 627781, 4*s = 16*t - 11*t + 2511019. Is s prime?
False
Let i be (-91)/(-112)*4 + (-2)/8. Suppose 635 = 5*y + 3*c, y - 3*y = -i*c - 254. Is y a composite number?
False
Suppose 3*w = 0, -5*z - 33*w = -30*w. Suppose z = -4*r - 3*r + 15701. Is r composite?
False
Suppose -401511 = -4*b + a - 12182, 2*a + 292003 = 3*b. Is b a composite number?
True
Suppose -3*w = w, 2*w = -o. Suppose a + 5 - 8 = o. Suppose -3*n + 3*c + 336 = 0, 446 - 92 = 3*n + a*c. Is n prime?
False
Suppose -2*o + 5*x = 1060 + 936, 0 = -4*o - x - 3970. Let r = -546 - o. Is r a composite number?
True
Let y be 1 - 4/4*-3*1276. Suppose -y = -3*j - 4*g, -2*j = -g - g - 2562. Let l = j + -788. Is l a composite number?
False
Let f(m) = -3*m**2 - 54*m -